{"id":1506,"date":"2023-08-04T15:53:27","date_gmt":"2023-08-04T13:53:27","guid":{"rendered":"https:\/\/isabelle-aurore.com\/?page_id=1506"},"modified":"2025-08-18T19:20:22","modified_gmt":"2025-08-18T17:20:22","slug":"mentions-legales","status":"publish","type":"page","link":"https:\/\/isabelle-aurore.com\/index.php\/mentions-legales\/","title":{"rendered":"Mentions l\u00e9gales"},"content":{"rendered":"\t\t<div data-elementor-type=\"wp-page\" data-elementor-id=\"1506\" class=\"elementor elementor-1506\">\n\t\t\t\t\t\t<section class=\"elementor-section elementor-top-section elementor-element elementor-element-f64580c elementor-section-boxed elementor-section-height-default elementor-section-height-default\" data-id=\"f64580c\" data-element_type=\"section\" data-e-type=\"section\">\n\t\t\t\t\t\t<div class=\"elementor-container elementor-column-gap-default\">\n\t\t\t\t\t<div class=\"elementor-column elementor-col-100 elementor-top-column elementor-element elementor-element-d6caa26\" data-id=\"d6caa26\" data-element_type=\"column\" data-e-type=\"column\">\n\t\t\t<div class=\"elementor-widget-wrap elementor-element-populated\">\n\t\t\t\t\t\t<div class=\"elementor-element elementor-element-e1fe03c elementor-widget elementor-widget-heading\" data-id=\"e1fe03c\" data-element_type=\"widget\" data-e-type=\"widget\" data-widget_type=\"heading.default\">\n\t\t\t\t<div class=\"elementor-widget-container\">\n\t\t\t\t\t<h2 class=\"elementor-heading-title elementor-size-default\">Mentions l\u00e9gales du site isabelle-aurore.com<\/h2>\t\t\t\t<\/div>\n\t\t\t\t<\/div>\n\t\t\t\t\t<\/div>\n\t\t<\/div>\n\t\t\t\t\t<\/div>\n\t\t<\/section>\n\t\t\t\t<section class=\"elementor-section elementor-top-section elementor-element elementor-element-4ebe672 elementor-section-boxed elementor-section-height-default elementor-section-height-default\" data-id=\"4ebe672\" data-element_type=\"section\" data-e-type=\"section\">\n\t\t\t\t\t\t<div class=\"elementor-container elementor-column-gap-default\">\n\t\t\t\t\t<div class=\"elementor-column elementor-col-100 elementor-top-column elementor-element elementor-element-48deed4\" data-id=\"48deed4\" data-element_type=\"column\" data-e-type=\"column\">\n\t\t\t<div class=\"elementor-widget-wrap elementor-element-populated\">\n\t\t\t\t\t\t<div class=\"elementor-element elementor-element-a4693b8 elementor-widget elementor-widget-text-editor\" data-id=\"a4693b8\" data-element_type=\"widget\" data-e-type=\"widget\" data-widget_type=\"text-editor.default\">\n\t\t\t\t<div class=\"elementor-widget-container\">\n\t\t\t\t\t\t\t\t\t<p><strong>Mentions l\u00e9gales du site internet isabelle-aurore.com<\/strong><\/p><p>Le site isabelle-aurore.com est la propri\u00e9t\u00e9 d&rsquo;Isabelle-Aurore LEDUC, dont le si\u00e8ge social est situ\u00e9 au : 1052 Chemin de Pech Vidal, 82270 Montalzat.<\/p><p>E-mail : souffledoretdargent@gmail.com\u00a0<\/p><p>Num\u00e9ro de t\u00e9l\u00e9phone : 06 30 07 44 88<\/p><p>Num\u00e9ro SIRET : 829 165 802 00036<\/p><p>Directrice de la publication : Isabelle-Aurore LEDUC<\/p><p>H\u00e9bergeur du site :\u00a0<\/p><p>SAS OVH<\/p><p>2 RUE KELLERMANN<\/p><p>59100 ROUBAIX<\/p><p>Le site isabelle-aurore.com est r\u00e9gi par les lois en vigueur en France. En acc\u00e9dant et en naviguant sur ce site, vous acceptez ces mentions l\u00e9gales et vous vous engagez \u00e0 respecter les lois en vigueur. Toute utilisation du site en violation de ces conditions peut entra\u00eener des poursuites judiciaires.<\/p><p>Propri\u00e9t\u00e9 intellectuelle :<\/p><p>Tous les contenus pr\u00e9sents sur le site isabelle-aurore.com, y compris, mais sans s&rsquo;y limiter, les textes, images, graphiques, logos, vid\u00e9os, ic\u00f4nes et la mise en page, sont la propri\u00e9t\u00e9 exclusive d&rsquo;Isabelle-Aurore LEDUC ou de ses fournisseurs de contenu et sont prot\u00e9g\u00e9s par les lois sur la propri\u00e9t\u00e9 intellectuelle en vigueur. Toute utilisation, reproduction, modification, distribution ou publication de ces contenus sans autorisation pr\u00e9alable \u00e9crite est strictement interdite.<\/p><p>Liens vers des sites tiers :<\/p><p>Le site isabelle-aurore.com peut contenir des liens vers des sites web tiers. Nous n&rsquo;avons aucun contr\u00f4le sur le contenu et les pratiques de confidentialit\u00e9 de ces sites. Nous d\u00e9clinons toute responsabilit\u00e9 concernant les pratiques de ces sites tiers et vous recommandons de lire attentivement leurs politiques de confidentialit\u00e9.<\/p><p>Donn\u00e9es personnelles :<\/p><p>Nous collectons et utilisons des donn\u00e9es personnelles conform\u00e9ment \u00e0 notre politique de confidentialit\u00e9, que vous pouvez consulter \u00e0 l&rsquo;adresse suivante : https:\/\/isabelle-aurore.com\/index.php\/confidentialite\/\u00a0<\/p><p>Responsabilit\u00e9 :<\/p><p>Nous nous effor\u00e7ons de maintenir le site isabelle-aurore.com \u00e0 jour et en bon \u00e9tat de fonctionnement. Cependant, nous ne pouvons garantir l&rsquo;exactitude, la fiabilit\u00e9 ou l&rsquo;exhaustivit\u00e9 des informations pr\u00e9sentes sur le site. En tant qu&rsquo;utilisateur, vous assumez l&rsquo;enti\u00e8re responsabilit\u00e9 de l&rsquo;utilisation que vous faites du site et de son contenu.<\/p><p>Nous nous r\u00e9servons le droit de modifier, suspendre ou interrompre le site isabelle-aurore.com \u00e0 tout moment, y compris l&rsquo;acc\u00e8s \u00e0 certaines fonctionnalit\u00e9s ou parties du site, sans pr\u00e9avis ni responsabilit\u00e9.<\/p><p>Pour toute question ou demande concernant les mentions l\u00e9gales du site isabelle-aurore.com, veuillez nous contacter \u00e0 l&rsquo;adresse e-mail mentionn\u00e9e ci-dessus.<\/p><p>Nous vous remercions de votre visite sur notre site et vous souhaitons une agr\u00e9able navigation.<\/p>\t\t\t\t\t\t\t\t<\/div>\n\t\t\t\t<\/div>\n\t\t\t\t\t<\/div>\n\t\t<\/div>\n\t\t\t\t\t<\/div>\n\t\t<\/section>\n\t\t\t\t<\/div>\n\t\t","protected":false},"excerpt":{"rendered":"<p>Mentions l\u00e9gales du site isabelle-aurore.com Mentions l\u00e9gales du site internet isabelle-aurore.com Le site isabelle-aurore.com est la propri\u00e9t\u00e9 d&rsquo;Isabelle-Aurore LEDUC, dont le si\u00e8ge social est situ\u00e9 au : 1052 Chemin de Pech Vidal, 82270 Montalzat. E-mail : souffledoretdargent@gmail.com\u00a0 Num\u00e9ro de t\u00e9l\u00e9phone : 06 30 07 44 88 Num\u00e9ro SIRET : 829 165 802 00036 Directrice de [&hellip;]<\/p>\n","protected":false},"author":2,"featured_media":0,"parent":0,"menu_order":0,"comment_status":"closed","ping_status":"closed","template":"","meta":{"ocean_post_layout":"full-width","ocean_both_sidebars_style":"","ocean_both_sidebars_content_width":0,"ocean_both_sidebars_sidebars_width":0,"ocean_sidebar":"0","ocean_second_sidebar":"0","ocean_disable_margins":"on","ocean_add_body_class":"","ocean_shortcode_before_top_bar":"","ocean_shortcode_after_top_bar":"","ocean_shortcode_before_header":"","ocean_shortcode_after_header":"","ocean_has_shortcode":"","ocean_shortcode_after_title":"","ocean_shortcode_before_footer_widgets":"","ocean_shortcode_after_footer_widgets":"","ocean_shortcode_before_footer_bottom":"","ocean_shortcode_after_footer_bottom":"","ocean_display_top_bar":"default","ocean_display_header":"default","ocean_header_style":"minimal","ocean_center_header_left_menu":"0","ocean_custom_header_template":"0","ocean_custom_logo":0,"ocean_custom_retina_logo":0,"ocean_custom_logo_max_width":0,"ocean_custom_logo_tablet_max_width":0,"ocean_custom_logo_mobile_max_width":0,"ocean_custom_logo_max_height":0,"ocean_custom_logo_tablet_max_height":0,"ocean_custom_logo_mobile_max_height":0,"ocean_header_custom_menu":"","ocean_menu_typo_font_family":"0","ocean_menu_typo_font_subset":"","ocean_menu_typo_font_size":0,"ocean_menu_typo_font_size_tablet":0,"ocean_menu_typo_font_size_mobile":0,"ocean_menu_typo_font_size_unit":"px","ocean_menu_typo_font_weight":"","ocean_menu_typo_font_weight_tablet":"","ocean_menu_typo_font_weight_mobile":"","ocean_menu_typo_transform":"","ocean_menu_typo_transform_tablet":"","ocean_menu_typo_transform_mobile":"","ocean_menu_typo_line_height":0,"ocean_menu_typo_line_height_tablet":0,"ocean_menu_typo_line_height_mobile":0,"ocean_menu_typo_line_height_unit":"","ocean_menu_typo_spacing":0,"ocean_menu_typo_spacing_tablet":0,"ocean_menu_typo_spacing_mobile":0,"ocean_menu_typo_spacing_unit":"","ocean_menu_link_color":"#b88603","ocean_menu_link_color_hover":"#b88603","ocean_menu_link_color_active":"","ocean_menu_link_background":"","ocean_menu_link_hover_background":"","ocean_menu_link_active_background":"","ocean_menu_social_links_bg":"","ocean_menu_social_hover_links_bg":"","ocean_menu_social_links_color":"","ocean_menu_social_hover_links_color":"","ocean_disable_title":"on","ocean_disable_heading":"default","ocean_post_title":"","ocean_post_subheading":"","ocean_post_title_style":"","ocean_post_title_background_color":"","ocean_post_title_background":0,"ocean_post_title_bg_image_position":"","ocean_post_title_bg_image_attachment":"","ocean_post_title_bg_image_repeat":"","ocean_post_title_bg_image_size":"","ocean_post_title_height":0,"ocean_post_title_bg_overlay":0.5,"ocean_post_title_bg_overlay_color":"","ocean_disable_breadcrumbs":"default","ocean_breadcrumbs_color":"","ocean_breadcrumbs_separator_color":"","ocean_breadcrumbs_links_color":"","ocean_breadcrumbs_links_hover_color":"","ocean_display_footer_widgets":"default","ocean_display_footer_bottom":"default","ocean_custom_footer_template":"0","footnotes":""},"class_list":["post-1506","page","type-page","status-publish","hentry","entry"],"yoast_head":"<!-- This site is optimized with the Yoast SEO plugin v27.4 - https:\/\/yoast.com\/product\/yoast-seo-wordpress\/ -->\n<title>Mentions l\u00e9gales - Isabelle Aurore<\/title>\n<meta name=\"description\" content=\"Lisez les mentions l\u00e9gales de mon site internet isabelle-aurore.com\" \/>\n<meta name=\"robots\" content=\"index, follow, max-snippet:-1, max-image-preview:large, max-video-preview:-1\" \/>\n<link rel=\"canonical\" href=\"https:\/\/isabelle-aurore.com\/index.php\/mentions-legales\/\" \/>\n<meta property=\"og:locale\" content=\"fr_FR\" \/>\n<meta property=\"og:type\" content=\"article\" \/>\n<meta property=\"og:title\" content=\"Mentions l\u00e9gales - Isabelle Aurore\" \/>\n<meta property=\"og:description\" content=\"Lisez les mentions l\u00e9gales de mon site internet isabelle-aurore.com\" \/>\n<meta property=\"og:url\" content=\"https:\/\/isabelle-aurore.com\/index.php\/mentions-legales\/\" \/>\n<meta property=\"og:site_name\" content=\"Isabelle Aurore\" \/>\n<meta property=\"article:publisher\" content=\"https:\/\/www.facebook.com\/souffledoretdargent\" \/>\n<meta property=\"article:modified_time\" content=\"2025-08-18T17:20:22+00:00\" \/>\n<meta name=\"twitter:card\" content=\"summary_large_image\" \/>\n<meta name=\"twitter:label1\" content=\"Dur\u00e9e de lecture estim\u00e9e\" \/>\n\t<meta name=\"twitter:data1\" content=\"2 minutes\" \/>\n<script type=\"application\/ld+json\" class=\"yoast-schema-graph\">{\"@context\":\"https:\\\/\\\/schema.org\",\"@graph\":[{\"@type\":\"WebPage\",\"@id\":\"https:\\\/\\\/isabelle-aurore.com\\\/index.php\\\/mentions-legales\\\/\",\"url\":\"https:\\\/\\\/isabelle-aurore.com\\\/index.php\\\/mentions-legales\\\/\",\"name\":\"Mentions l\u00e9gales - Isabelle Aurore\",\"isPartOf\":{\"@id\":\"https:\\\/\\\/isabelle-aurore.com\\\/#website\"},\"datePublished\":\"2023-08-04T13:53:27+00:00\",\"dateModified\":\"2025-08-18T17:20:22+00:00\",\"description\":\"Lisez les mentions l\u00e9gales de mon site internet isabelle-aurore.com\",\"breadcrumb\":{\"@id\":\"https:\\\/\\\/isabelle-aurore.com\\\/index.php\\\/mentions-legales\\\/#breadcrumb\"},\"inLanguage\":\"fr-FR\",\"potentialAction\":[{\"@type\":\"ReadAction\",\"target\":[\"https:\\\/\\\/isabelle-aurore.com\\\/index.php\\\/mentions-legales\\\/\"]}]},{\"@type\":\"BreadcrumbList\",\"@id\":\"https:\\\/\\\/isabelle-aurore.com\\\/index.php\\\/mentions-legales\\\/#breadcrumb\",\"itemListElement\":[{\"@type\":\"ListItem\",\"position\":1,\"name\":\"Accueil\",\"item\":\"https:\\\/\\\/isabelle-aurore.com\\\/\"},{\"@type\":\"ListItem\",\"position\":2,\"name\":\"Mentions l\u00e9gales\"}]},{\"@type\":\"WebSite\",\"@id\":\"https:\\\/\\\/isabelle-aurore.com\\\/#website\",\"url\":\"https:\\\/\\\/isabelle-aurore.com\\\/\",\"name\":\"Isabelle Aurore\",\"description\":\"Th\u00e9rapeute quantique\",\"publisher\":{\"@id\":\"https:\\\/\\\/isabelle-aurore.com\\\/#organization\"},\"potentialAction\":[{\"@type\":\"SearchAction\",\"target\":{\"@type\":\"EntryPoint\",\"urlTemplate\":\"https:\\\/\\\/isabelle-aurore.com\\\/?s={search_term_string}\"},\"query-input\":{\"@type\":\"PropertyValueSpecification\",\"valueRequired\":true,\"valueName\":\"search_term_string\"}}],\"inLanguage\":\"fr-FR\"},{\"@type\":\"Organization\",\"@id\":\"https:\\\/\\\/isabelle-aurore.com\\\/#organization\",\"name\":\"Isabelle Aurore\",\"url\":\"https:\\\/\\\/isabelle-aurore.com\\\/\",\"logo\":{\"@type\":\"ImageObject\",\"inLanguage\":\"fr-FR\",\"@id\":\"https:\\\/\\\/isabelle-aurore.com\\\/#\\\/schema\\\/logo\\\/image\\\/\",\"url\":\"https:\\\/\\\/isabelle-aurore.com\\\/wp-content\\\/uploads\\\/2025\\\/11\\\/cropped-Logo-Souffle-dor-et-dargent-avec-Lumea.png\",\"contentUrl\":\"https:\\\/\\\/isabelle-aurore.com\\\/wp-content\\\/uploads\\\/2025\\\/11\\\/cropped-Logo-Souffle-dor-et-dargent-avec-Lumea.png\",\"width\":434,\"height\":433,\"caption\":\"Isabelle Aurore\"},\"image\":{\"@id\":\"https:\\\/\\\/isabelle-aurore.com\\\/#\\\/schema\\\/logo\\\/image\\\/\"},\"sameAs\":[\"https:\\\/\\\/www.facebook.com\\\/souffledoretdargent\",\"https:\\\/\\\/www.instagram.com\\\/souffledoretdargent\\\/\",\"https:\\\/\\\/www.youtube.com\\\/channel\\\/UCZkv_PraJa3QeEgHG69eZbw\"]}]}<\/script>\n<!-- \/ Yoast SEO plugin. -->","yoast_head_json":{"title":"Mentions l\u00e9gales - Isabelle Aurore","description":"Lisez les mentions l\u00e9gales de mon site internet isabelle-aurore.com","robots":{"index":"index","follow":"follow","max-snippet":"max-snippet:-1","max-image-preview":"max-image-preview:large","max-video-preview":"max-video-preview:-1"},"canonical":"https:\/\/isabelle-aurore.com\/index.php\/mentions-legales\/","og_locale":"fr_FR","og_type":"article","og_title":"Mentions l\u00e9gales - Isabelle Aurore","og_description":"Lisez les mentions l\u00e9gales de mon site internet isabelle-aurore.com","og_url":"https:\/\/isabelle-aurore.com\/index.php\/mentions-legales\/","og_site_name":"Isabelle Aurore","article_publisher":"https:\/\/www.facebook.com\/souffledoretdargent","article_modified_time":"2025-08-18T17:20:22+00:00","twitter_card":"summary_large_image","twitter_misc":{"Dur\u00e9e de lecture estim\u00e9e":"2 minutes"},"schema":{"@context":"https:\/\/schema.org","@graph":[{"@type":"WebPage","@id":"https:\/\/isabelle-aurore.com\/index.php\/mentions-legales\/","url":"https:\/\/isabelle-aurore.com\/index.php\/mentions-legales\/","name":"Mentions l\u00e9gales - Isabelle Aurore","isPartOf":{"@id":"https:\/\/isabelle-aurore.com\/#website"},"datePublished":"2023-08-04T13:53:27+00:00","dateModified":"2025-08-18T17:20:22+00:00","description":"Lisez les mentions l\u00e9gales de mon site internet isabelle-aurore.com","breadcrumb":{"@id":"https:\/\/isabelle-aurore.com\/index.php\/mentions-legales\/#breadcrumb"},"inLanguage":"fr-FR","potentialAction":[{"@type":"ReadAction","target":["https:\/\/isabelle-aurore.com\/index.php\/mentions-legales\/"]}]},{"@type":"BreadcrumbList","@id":"https:\/\/isabelle-aurore.com\/index.php\/mentions-legales\/#breadcrumb","itemListElement":[{"@type":"ListItem","position":1,"name":"Accueil","item":"https:\/\/isabelle-aurore.com\/"},{"@type":"ListItem","position":2,"name":"Mentions l\u00e9gales"}]},{"@type":"WebSite","@id":"https:\/\/isabelle-aurore.com\/#website","url":"https:\/\/isabelle-aurore.com\/","name":"Isabelle Aurore","description":"Th\u00e9rapeute quantique","publisher":{"@id":"https:\/\/isabelle-aurore.com\/#organization"},"potentialAction":[{"@type":"SearchAction","target":{"@type":"EntryPoint","urlTemplate":"https:\/\/isabelle-aurore.com\/?s={search_term_string}"},"query-input":{"@type":"PropertyValueSpecification","valueRequired":true,"valueName":"search_term_string"}}],"inLanguage":"fr-FR"},{"@type":"Organization","@id":"https:\/\/isabelle-aurore.com\/#organization","name":"Isabelle Aurore","url":"https:\/\/isabelle-aurore.com\/","logo":{"@type":"ImageObject","inLanguage":"fr-FR","@id":"https:\/\/isabelle-aurore.com\/#\/schema\/logo\/image\/","url":"https:\/\/isabelle-aurore.com\/wp-content\/uploads\/2025\/11\/cropped-Logo-Souffle-dor-et-dargent-avec-Lumea.png","contentUrl":"https:\/\/isabelle-aurore.com\/wp-content\/uploads\/2025\/11\/cropped-Logo-Souffle-dor-et-dargent-avec-Lumea.png","width":434,"height":433,"caption":"Isabelle Aurore"},"image":{"@id":"https:\/\/isabelle-aurore.com\/#\/schema\/logo\/image\/"},"sameAs":["https:\/\/www.facebook.com\/souffledoretdargent","https:\/\/www.instagram.com\/souffledoretdargent\/","https:\/\/www.youtube.com\/channel\/UCZkv_PraJa3QeEgHG69eZbw"]}]}},"_links":{"self":[{"href":"https:\/\/isabelle-aurore.com\/index.php\/wp-json\/wp\/v2\/pages\/1506","targetHints":{"allow":["GET"]}}],"collection":[{"href":"https:\/\/isabelle-aurore.com\/index.php\/wp-json\/wp\/v2\/pages"}],"about":[{"href":"https:\/\/isabelle-aurore.com\/index.php\/wp-json\/wp\/v2\/types\/page"}],"author":[{"embeddable":true,"href":"https:\/\/isabelle-aurore.com\/index.php\/wp-json\/wp\/v2\/users\/2"}],"replies":[{"embeddable":true,"href":"https:\/\/isabelle-aurore.com\/index.php\/wp-json\/wp\/v2\/comments?post=1506"}],"version-history":[{"count":17,"href":"https:\/\/isabelle-aurore.com\/index.php\/wp-json\/wp\/v2\/pages\/1506\/revisions"}],"predecessor-version":[{"id":1535,"href":"https:\/\/isabelle-aurore.com\/index.php\/wp-json\/wp\/v2\/pages\/1506\/revisions\/1535"}],"wp:attachment":[{"href":"https:\/\/isabelle-aurore.com\/index.php\/wp-json\/wp\/v2\/media?parent=1506"}],"curies":[{"name":"wp","href":"https:\/\/api.w.org\/{rel}","templated":true}]}}